{"id":101,"date":"2006-05-29T05:02:55","date_gmt":"2006-05-29T04:02:55","guid":{"rendered":"http:\/\/www.bmnuebel.de\/Strickimpessionen\/?page_id=101"},"modified":"2018-05-23T11:35:14","modified_gmt":"2018-05-23T09:35:14","slug":"mein-zweites-turnier","status":"publish","type":"page","link":"http:\/\/www.Luzipher.de\/?page_id=101","title":{"rendered":"Mein zweites Turnier"},"content":{"rendered":"<p>Fr\u00fch am Morgen wollte Frauchen unbedingt im str\u00f6menden Regen mit mir spazieren gehen. So ein Bl\u00f6dsinn, bei dem Regen jagd man doch keinen Hund vor die T\u00fcr. Doch da Frauchen so gar nicht bereit war, wieder ins Haus zu gehen, habe ich mich doch noch erbarmt, damit ich wieder in die trockenen Wohnung zur\u00fcckkomme.<br \/>\nKurz danach haben Herrchen und Frauchen tats\u00e4chlich jede Menge Klamotten eingepackt &#8211; warum nur &#8211; ich gehe doch auch nur mit einem Fell aus dem Haus &#8211; den Computer teilweise abgebaut und dann auch noch die Hundelschuhe angezogen. Irgendwie war mir da klar, dass ich mitgehen muss. Also habe ich mich schon mal fiepsend zur T\u00fcr begeben. ( Es k\u00f6nnte ja sein, dass sie mich sonst hier vergessen)<br \/>\nSchon wurde alles ins Auto gepackt, Herrchen brachte noch den Bianco und es ging los Richtung Diedesheim. Was mir nicht so klar war, war, warum es heute schon wieder zum Hundeplatz ging. Hatte ich nicht gerade am vorigen Tag meine Schutzhundepr\u00fcfung mit M\u00fch und Not bestanden?<br \/>\nAuf Dem Hundeplatz wurde zuerst das Auto ausger\u00e4umt. Ich musste im Kofferraum mit Bianco sitzen bleiben w\u00e4hrend Herrchen und Frauchen immer mehr Agilityger\u00e4te zum Platz trugen.<\/p>\n<p><img decoding=\"async\" src=\".\/bilder\/06\/mai06\/agility3.jpg\" \/><\/p>\n<p>Kurz darauf kam auch mein Bruder an und da er mehr Platz hatte als ich, durfte ich seien Zweitbox besetzen. Das war schon besser,denn da blieb die Kofferraumklappe offen und ich konnte besser rausgucken.<\/p>\n<p><img decoding=\"async\" src=\".\/bilder\/06\/mai06\/agility1.jpg\" \/><br \/>\nLaaaaaaaaaaaange musste ich warten bis alles aufgebaut war. Herrchen war nicht mehr zu sehen.<\/p>\n<p><img decoding=\"async\" src=\".\/bilder\/06\/mai06\/agility5.jpg\" \/><br \/>\nIrgendjemand sagte mir, dass er in der Meldestelle arbeite und dort ein ganz wichtiger Mann sei.<\/p>\n<p><img decoding=\"async\" src=\".\/bilder\/06\/mai06\/agility4.jpg\" \/><\/p>\n<p>Na gut, da wollte ich nicht st\u00f6ren und habe mir einfach die ganzen Hunde angeschaut, die nach und nach ankamen. Nach einem normalen Agilitytraining sah das aber nicht mehr aus. Dann kam noch ein wichtiger Mann an. Der hatte eine Pfeife und alle gehorchtem ihm . Er durfte bestimmen, wo die Ger\u00e4te stehen.<br \/>\nUnd schon ging es los. Immer wieder wurde ein Hund zum\u00a0 Platz gef\u00fchrt und durfte in den Parcour. Idefix wurde nat\u00fcrlich vor mir abgeholt &#8211; er hatte n\u00e4mlich die Nummer 6 und ich die Nummer 15. Doch kaum war Idefix auf dem Parcours, pfiff der wichtige Mann und Idefix war disqualifiziert. Warum, das habe ich nicht verstanden. Er konnte es mir auch nicht erkl\u00e4ren. Aber sein Frauchen meinte, er d\u00fcrfe nachher in der n\u00e4chsth\u00f6heren Klasse noch einmal starten.<br \/>\nDann kam Herrchen aus seiner Meldestelle und brachte mich zum Start. Doch er setzte mich so doof hin,d ass ich nichts sehen konnte. Also bin ich ihm hinterhergelaufen. Mein Herrchen war wohl noch nicht soweit udn zeigte mir einen falschen Weg. Schon ert\u00f6nte der gleiche Pfiff wie bei Idefix und ich wurde im ersten Lauf disqualifiziert, weil ich den falschen Tunneleingang benutzt habe. So ein &#8230;.<br \/>\nHerrchen war aber nicht b\u00f6se und brachte mich wieder in meine Box. Dort sa\u00df ich ganz lange, w\u00e4hrend Idefix seinen zweiten Lauf machen durfte. Er machte seine Sache dieses Mal perfekt und erlief sich einen dritten Platz.<br \/>\nLaaaaaaaaaaaaaange Zeit sp\u00e4ter holte mich Herrchen tats\u00e4chlich noch einmal aus der Box. Dieses Mal wollte ich mir M\u00fche geben und noch genauer auf Herrchen achten. Und tats\u00e4chlich &#8211; Herrchen f\u00fchrte mich in der richtigen Reihenfolge \u00fcber die Hindernisse. Da ich besonders schnell sein wollte fielen einige Stangen doch ich war die Schnellste in 23 Sekunden. Leider z\u00e4hlen runtergefalllenen Stangen mehr als Geschwindigkeit *seufz* und ich hatte nur einen 6. Platz.<br \/>\nEinige Zeit sp\u00e4ater holte Herrchen mich und Bianco und stellte sich mit uns auf den Platz. Nun wurden alle Hunde aufgerufen, die besonders gut gelaufen waren. Ich war leider nicht dabei. Aber mein Bruder konnte ganz stolz seinen Pokal f\u00fcr dein 3. Platz abholen.<\/p>\n<p>M\u00fcde lag er danach in seiner Box.<\/p>\n<p><img decoding=\"async\" src=\".\/bilder\/06\/mai06\/agility6.jpg\" \/><br \/>\nKurze Zeit sp\u00e4ter ging es nach Hause und ich habe noch eine Dose Futter bekommen. Danach war ich so m\u00fcde, dass ich gleich in mein K\u00f6rbchen ging um zu schlafen.<\/p>\n","protected":false},"excerpt":{"rendered":"<p>Fr\u00fch am Morgen wollte Frauchen unbedingt im str\u00f6menden Regen mit mir spazieren gehen. So ein Bl\u00f6dsinn, bei dem Regen jagd man doch keinen Hund vor die T\u00fcr. Doch da Frauchen so gar nicht bereit war, wieder ins Haus zu gehen, &hellip; <a href=\"http:\/\/www.Luzipher.de\/?page_id=101\">Continue reading <span class=\"meta-nav\">&rarr;<\/span><\/a><\/p>\n","protected":false},"author":3,"featured_media":0,"parent":0,"menu_order":0,"comment_status":"closed","ping_status":"closed","template":"","meta":{"footnotes":""},"_links":{"self":[{"href":"http:\/\/www.Luzipher.de\/index.php?rest_route=\/wp\/v2\/pages\/101"}],"collection":[{"href":"http:\/\/www.Luzipher.de\/index.php?rest_route=\/wp\/v2\/pages"}],"about":[{"href":"http:\/\/www.Luzipher.de\/index.php?rest_route=\/wp\/v2\/types\/page"}],"author":[{"embeddable":true,"href":"http:\/\/www.Luzipher.de\/index.php?rest_route=\/wp\/v2\/users\/3"}],"replies":[{"embeddable":true,"href":"http:\/\/www.Luzipher.de\/index.php?rest_route=%2Fwp%2Fv2%2Fcomments&post=101"}],"version-history":[{"count":1,"href":"http:\/\/www.Luzipher.de\/index.php?rest_route=\/wp\/v2\/pages\/101\/revisions"}],"predecessor-version":[{"id":4412,"href":"http:\/\/www.Luzipher.de\/index.php?rest_route=\/wp\/v2\/pages\/101\/revisions\/4412"}],"wp:attachment":[{"href":"http:\/\/www.Luzipher.de\/index.php?rest_route=%2Fwp%2Fv2%2Fmedia&parent=101"}],"curies":[{"name":"wp","href":"https:\/\/api.w.org\/{rel}","templated":true}]}}