{"id":10,"date":"2006-01-22T14:47:42","date_gmt":"2006-01-22T13:47:42","guid":{"rendered":"http:\/\/www.bmnuebel.de\/Strickimpessionen\/?page_id=10"},"modified":"2018-05-23T11:35:14","modified_gmt":"2018-05-23T09:35:14","slug":"uber-mich","status":"publish","type":"page","link":"http:\/\/www.Luzipher.de\/?page_id=10","title":{"rendered":"\u00dcber mich"},"content":{"rendered":"<ol type=\"1\">\n<li>Ich bin Grund- und Hauptschullehrerin, weil es schon immer mein Traumberuf war.<\/li>\n<li>Ich mache seit 28 Jahren aktiv Judo und habe den 3. DAN (3. schwarzer G\u00fcrtel)<\/li>\n<li>In meiner Freizeit trainierte lange\u00a0 ich Judominis von 5 oder 6 Jahren und f\u00fchre sie und ihre Eltern in die Anfangsgr\u00fcnde der Sportart ein<\/li>\n<li>Judo ist bei uns eine Familienkrankheit<\/li>\n<li>Stricken ist keine Familienkrankheit. Das mache nur ich und keiner wei\u00df genau, woher diese Leidenschaft kommt<\/li>\n<li>Seit gut 9 Jahren bin ich verheiratet<\/li>\n<li>Wir haben noch keine Kinder, wollen aber auf jeden Fall mehr als eines. Inzwischen sind es zwei<\/li>\n<li>Wir leben inzwischen in einem kleinen Haus<\/li>\n<li>Bei uns leben Sch\u00e4ferhund Iska und Monsterkater Luzipher und das Panikjojo &#8211; Iskas Tochter<\/li>\n<li>In unserem Wohn- Arbeitszimmer steht alles voll mit Unterrichtsmaterialien. DAs war einmal , inzwischen wohnt der Kruscht im Arbeitszimmer und im Wohnzimmer lebt und arbeitet haupts\u00e4chlich Lukas und meine Wolle.<\/li>\n<li>Meinem Mann ist meine Wollsammlung ein Dorn im Auge.<\/li>\n<li>Sogar mein Mann ist bereits im Wollgesch\u00e4ft bekannt<\/li>\n<li>Am liebsten stricke ich fr\u00fch morgens mit meiner Bettdecke auf dem Sofa. Ich habe die Fernbedinung und meine Ruhe &#8211; bis Lukas aufsteht, der meine Fr\u00fchaufstehgene geerbt hat.<\/li>\n<li>Ich bin ein Cola &#8211; Junkie. Ein Laster braucht der Mensch<\/li>\n<li>In der Schule trinke ich kein Cola. (Vorbildfunktion \ud83d\ude09<\/li>\n<li>Mein Mann sagt, dass ich ein zuverl\u00e4ssiges Fernsehprogramm w\u00e4re. (Das ist ein Ger\u00fccht)<\/li>\n<li>Ich h\u00f6re grunds\u00e4tzlich um sp\u00e4testens 20.00 Uhr auf, mich auf den Unterricht vorzubereiten.(Ausnahmen best\u00e4tigen nat\u00fcrlich die Regel, aber nur selten) Auch die Fabrik wrid m\u00f6glichst bis sp\u00e4testens 20 Uhr geschlossen.<\/li>\n<li>Meine Schultasche leidet grunds\u00e4tzlich an \u00dcberf\u00fcllung<\/li>\n<li>Eine Kollegin sagt: Du hast ja echt einen Knall mit der Strickerei. Aber ich kann das gar nicht. (HTW &#8211; Lehrerin) ((Sie hat es sich inzwischen zeigen lassen))<\/li>\n<li>Ich unterrichte TW fachfremd. Studiert habe Mathematik (Hauptfach) Heimat- und Sachunterricht und Anfangsunterricht.<\/li>\n<li>Sportunterricht in Klasse 1 mit 30 Sch\u00fclern ist schlimmer als Fl\u00f6he h\u00fcten.<\/li>\n<li>Stricken ist mein Beruhigungsmittel<\/li>\n<li>Unser Hund hilft immer mal wieder beim Stricken.<\/li>\n<li>Ich habe die Lehrerlaubnis f\u00fcr evangelische Religion und unterrichte das Fach gerne.<\/li>\n<li>Mein Lieblingsessen ist Spaghetti und Sauerbraten<\/li>\n<li>Ich bin ganz gro\u00df darin, Sachen vor mir herzuschieben. (Ganz schlechte Sache)<\/li>\n<li>Unser Hund macht  Agility. Irgendwo muss ja diese ganze Energie hin.<\/li>\n<li>Ich habe 3 Schwestern. Eine ist \u00e4lter, die beiden anderen sind j\u00fcnger.<\/li>\n<li>Meinen Mann habe ich im Judo kennen gelernt.<\/li>\n<li>Inzwischen m\u00f6gen ihn auch meine Schwestern.<\/li>\n<li>Mein Vater verleiht seine Arbeitsger\u00e4te nur an meinen Mann.<\/li>\n<li>Meine Mutter hat eine Hundeschule<\/li>\n<li>Unser Auto hat \u00fcberall Dellen. (Aber nicht von uns. Sie waren schon drin)<\/li>\n<li>Wir leben in Badisch &#8211; Sibirien.<\/li>\n<li>Ich habe eine feste Stelle im Schwabenland, will aber irgendwann wieder heem und es hat gaklappt &#8211; ich kann dort unnerrichte wo ma so schnw\u00e4tzt wie i a.<\/li>\n<li>Wir konnten mal\u00a0 aus der T\u00fcr gehen und der Hund kann frei laufen.<\/li>\n<li>Ski fahren finde ich super. Mein Mann tut sich mit dieser Begeisterung noch schwer.<\/li>\n<li>Ich lese f\u00fcr mein Leben gern.<\/li>\n<li>Auf meinem Schreibtisch d\u00fcrfen nur meine Sachen liegen.<\/li>\n<li>Ich k\u00e4mpfe t\u00e4glich gegen das Chaos auf meinem Schreibtisch.<\/li>\n<li>Mein Hintergrundbild ist unser supertoller und sehr photogener Kater.<\/li>\n<li>Mit Topfpflanzen habe ich es nicht so. Entweder sie faulen oder sie werfen mit Bl\u00e4tter. Und pl\u00f6tzlich verschwinden sie dann.<\/li>\n<li>Meine Sch\u00fcler sagen, ich sei gemein.<\/li>\n<li>Ich finde, ich bin noch immer zu lieb. Aber ich habe in den letzten Jahren schon viel in dieser Richtung gelernt.<\/li>\n<li>B\u00fcgeln hasse ich<\/li>\n<li>Ich koche gern und wahrscheinlich auch nicht schlecht. Mein Mann gedeiht jedenfalls pr\u00e4chtig.<\/li>\n<li>Sp\u00e4tzle kann nur mein Mann richtig machen. Selbst seine Mutter muss immer Kritik anh\u00f6ren.<\/li>\n<li>Ich liebe Harry Potter H\u00f6rb\u00fccher<\/li>\n<li>Ich friere st\u00e4ndig und habe grunds\u00e4tzlich eiskalte F\u00fc\u00dfe.<\/li>\n<li>Meine F\u00fc\u00dfe sehen immer aus wie die Pfosten eines Fu\u00dfballtores.( blaue Flecken \ud83d\ude41 )( F\u00fc\u00dfe gehen bei uns \u00fcbrigens bis hoch zu den Oberschenkeln)<\/li>\n<li>Der Duden ist mein wichtigstes Buch.<\/li>\n<li>An meiner Schreibtischlampe h\u00e4ngen die Liftkarten f\u00fcrs Ski fahren, damit ich wei\u00df, wof\u00fcr ich ein Jahr arbeite.<\/li>\n<li>Meine linke Schulter habe ich mal beim Judo geschrottet: Schultereckgelenkssprengung<\/li>\n<li>Als n\u00e4chstes Highlight hatte ich dann einen Lebertumor<\/li>\n<li>Mein Handy ist fast immer aus.<\/li>\n<li>Ich bin ein Bewegungsdepp. Ich brauche ewig, bis ich eine neue Technik beherrsche und mir auch merken kann.<\/li>\n<li>Das Zehn &#8211; Fingerschreiben musste ich lernen, weil mein Mann keine neuen Tastaturen mehr kaufen wollte. ( Mit der Einfinger &#8211; Adler &#8211; im &#8211; Suchflugtechnik war ich mindestens genau so schnell, aber brauchte alle 6 Monate eine neuen Tastatur.<\/li>\n<li>Geduld habe ich genug au\u00dfer mit mir.<\/li>\n<li>Als Kind konnte ich bei Judoturnieren mehrere Jahre kaum teilnehmen, weil ich zu leicht war. ( Ich wog mit 15 Jahren 40 kg und die Gewichtsklassen begannen bei 48 kg) Leider hat sich das ge\u00e4ndert.<\/li>\n<li>Meine Spezielit\u00e4t sind ellenlange, sch\u00f6n verschachtelte Schachtels\u00e4tze, weil meine Mutter der Meinung war, dass nur das Lernen der lateinischen Spache uns einen Einblick in die Sch\u00f6nheiten der deutschen Grammatik vermitteln k\u00f6nne.<\/li>\n<li>Meine Texte sind grunds\u00e4tzlich zu lang.<\/li>\n<li>Wir haben nach langem Warten DSL<\/li>\n<li>Ich hasse es, morgens im kalten Bad duschen zu m\u00fcssen, weil mein G\u00f6ttergatte abends der Meinung war, man m\u00fcsse mal wieder l\u00fcften und die Heizung abdrehen. Bis er duscht, ist das Bad ja wieder warm.<\/li>\n<li>Mit mir einen Termin auszumachen ist fast unm\u00f6glich, Ich versuche nun seit zwei Monaten mich mit meiner Schwester zu treffen.<\/li>\n<li>Speckw\u00fcrfelchen liebe ich \u00fcber alles.<\/li>\n<li>Die Freundschaft und Briefe meines Pfadfinderf\u00fchrers Hans sind mir sehr wichtig und wertvoll. Jeder Brief ist etwas besonderes. Das was uns verbindet ist mir Worten eigentlich nicht zu beschreiben.<\/li>\n<li>Ich sammle Nilpferde. Leider habe ich nicht den Platz sie alle angemessen auszustellen und aufzustellen. Mein lieber Mann wird sonst noch ganz verr\u00fcckt.<\/li>\n<li>Bei uns wachsen Klorollen in der Toilette, meint mein Mann und holt nie welche aus dem Keller.<\/li>\n<li>Unser Hund hat irgendwo win geheimes Haardepot, denn so viele Haare, wie ich beim Fellwechsel saugen muss, kann sie gar nicht haben oder sie m\u00fcsste nackt herumlaufen.<\/li>\n<li>Tee muss grunds\u00e4tzlich mit Kandiszucker ges\u00fc\u00dft sein.<\/li>\n<li>ich liebe meine Daunendecke \u00fcber alles und w\u00fcrde sie nie hergeben.<\/li>\n<li>Die Heimat meines Vaters. Niederschlesien w\u00fcrde ich gerne kennen lernen<\/li>\n<li>Ich werde auf jeden Fall einmal hinfahren.<\/li>\n<li>Ich will wieder lange Haare.<\/li>\n<li>Ich verstehe nicht, dass ich meine ganzen Haargummies usw. meinen Schwestern geschenkt habe. Jetzt muss ich alles neu kaufen.<\/li>\n<li>Ich habe inzwischen einen Sohn &#8211; Lukas Frederick<\/li>\n<li>Ich habe keine Gallenblase mehr (und der Lebertumor wurde auch gleich mitentfernt)<\/li>\n<li>Mein Sohn war ein Sternengucker und will immernoch mit dem Kopf durch die Wand<\/li>\n<li>Ich genie\u00dfe den Luxus der Elternzeit mit dem Elterngeld<\/li>\n<li>Nach dem Kaiserschnitt bei Lukas kam Jonas &#8220;normal&#8221; zur Welt &#8211; unter Mitnahme meines Stei\u00dfbeins<\/li>\n<li>Ich kann auch ROSA stricken<\/li>\n<li>Ich kann nur schwer ohne Schule<\/li>\n<li>Ich stricke gerne zweifarbig mit beiden H\u00e4nden. Die Fl\u00fcche beim Erlernen dieser Technik waren nicht kindertauglich.<\/li>\n<\/ol>\n","protected":false},"excerpt":{"rendered":"<p>Ich bin Grund- und Hauptschullehrerin, weil es schon immer mein Traumberuf war. Ich mache seit 28 Jahren aktiv Judo und habe den 3. DAN (3. schwarzer G\u00fcrtel) In meiner Freizeit trainierte lange\u00a0 ich Judominis von 5 oder 6 Jahren und &hellip; <a href=\"http:\/\/www.Luzipher.de\/?page_id=10\">Continue reading <span class=\"meta-nav\">&rarr;<\/span><\/a><\/p>\n","protected":false},"author":3,"featured_media":0,"parent":0,"menu_order":0,"comment_status":"closed","ping_status":"closed","template":"","meta":{"footnotes":""},"_links":{"self":[{"href":"http:\/\/www.Luzipher.de\/index.php?rest_route=\/wp\/v2\/pages\/10"}],"collection":[{"href":"http:\/\/www.Luzipher.de\/index.php?rest_route=\/wp\/v2\/pages"}],"about":[{"href":"http:\/\/www.Luzipher.de\/index.php?rest_route=\/wp\/v2\/types\/page"}],"author":[{"embeddable":true,"href":"http:\/\/www.Luzipher.de\/index.php?rest_route=\/wp\/v2\/users\/3"}],"replies":[{"embeddable":true,"href":"http:\/\/www.Luzipher.de\/index.php?rest_route=%2Fwp%2Fv2%2Fcomments&post=10"}],"version-history":[{"count":4,"href":"http:\/\/www.Luzipher.de\/index.php?rest_route=\/wp\/v2\/pages\/10\/revisions"}],"predecessor-version":[{"id":4418,"href":"http:\/\/www.Luzipher.de\/index.php?rest_route=\/wp\/v2\/pages\/10\/revisions\/4418"}],"wp:attachment":[{"href":"http:\/\/www.Luzipher.de\/index.php?rest_route=%2Fwp%2Fv2%2Fmedia&parent=10"}],"curies":[{"name":"wp","href":"https:\/\/api.w.org\/{rel}","templated":true}]}}